{"id":50330,"date":"2026-04-27T13:30:04","date_gmt":"2026-04-27T11:30:04","guid":{"rendered":"https:\/\/nockultury.pl\/?post_type=mec-events&#038;p=50330"},"modified":"2026-05-14T15:06:35","modified_gmt":"2026-05-14T13:06:35","slug":"scena-plac-litewski-w-pogoni-za-bialym-krolikiem","status":"publish","type":"mec-events","link":"https:\/\/nockultury.pl\/pl\/events\/scena-plac-litewski-w-pogoni-za-bialym-krolikiem\/","title":{"rendered":"Scena Plac Litewski | &#8222;W pogoni za bia\u0142ym kr\u00f3likiem&#8221; &#8211; pokaz rolkarstwa figurowego As Lublin"},"content":{"rendered":"<h2 data-path-to-node=\"100\">&nbsp;<b data-path-to-node=\"100\" data-index-in-node=\"24\">Opis<\/b><\/h2>\n<p>&#8222;W pogoni za bia\u0142ym kr\u00f3likiem&#8221; &#8211; spektakl w Krainie Czar\u00f3w.<br \/>\nGdy nadchodzi noc, granice snu i jawy zaczynaj\u0105 si\u0119 rozmywa\u0107. Kraina Czar\u00f3w o\u017cywa na rolkach, kt\u00f3re frajw\u0119druj\u0105c, sun\u0105 i wiruj\u0105. Wtedy w\u0142a\u015bnie szeptem \u017cyczymy: dobranoc. Dobranoc \u015bwiatu, kt\u00f3ry znamy i zapraszamy do tego, gdzie wszystko jest mo\u017cliwe, je\u015bli tylko odwa\u017cysz si\u0119 biec za bia\u0142ym kr\u00f3likiem.<\/p>\n<p>Arty\u015bci\/artystki:&nbsp; As Lublin<\/p>\n<h2 data-path-to-node=\"100\">Informacje praktyczne<\/h2>\n<p data-path-to-node=\"100\">Kiedy: 6 czerwca 2026, 21.45-22.45<br \/>\nGdzie: Plac Litewski<br \/>\nWst\u0119p wolny<\/p>\n<h2 data-path-to-node=\"100\">Dost\u0119pno\u015b\u0107<\/h2>\n<p>brak barier architektonicznych<br \/>\nmo\u017cliwy odbi\u00f3r bez s\u0142yszenia<br \/>\nbez bariery j\u0119zykowej<\/p>\n","protected":false},"excerpt":{"rendered":"<p>&nbsp;Opis &#8222;W pogoni za bia\u0142ym kr\u00f3likiem&#8221; &#8211; spektakl w Krainie  [&#8230;]<\/p>\n","protected":false},"author":1,"featured_media":0,"comment_status":"closed","ping_status":"closed","template":"","meta":{"_acf_changed":false,"ngg_post_thumbnail":0},"tags":[],"miejsce_nk":[594],"godzina_startu_nk":[12],"dostepnosc_nk":[8,120,954],"kategoria_nk":[100],"edycja_nk":[1266],"mec_category":[99],"class_list":["post-50330","mec-events","type-mec-events","status-publish","hentry","miejsce_nk-srodmiescie","godzina_startu_nk-12","dostepnosc_nk-bez-barier","dostepnosc_nk-bez-bariery-jezykowej","dostepnosc_nk-osoby-z-niepelnosprawnosciami-sluchu","kategoria_nk-kultura-fizyczna","edycja_nk-1266","mec_category-kultura-fizyczna"],"acf":[],"yoast_head":"<!-- This site is optimized with the Yoast SEO plugin v26.1.1 - https:\/\/yoast.com\/wordpress\/plugins\/seo\/ -->\n<title>Scena Plac Litewski | &quot;W krainie czar\u00f3w&quot; - pokaz rolkarstwa figurowego As Lublin<\/title>\n<meta name=\"description\" content=\"W pogoni za bia\u0142ym kr\u00f3likiem - spektakl w Krainie Czar\u00f3w\" \/>\n<meta name=\"robots\" content=\"index, follow, max-snippet:-1, max-image-preview:large, max-video-preview:-1\" \/>\n<link rel=\"canonical\" href=\"https:\/\/nockultury.pl\/pl\/events\/scena-plac-litewski-w-pogoni-za-bialym-krolikiem\/\" \/>\n<meta property=\"og:locale\" content=\"pl_PL\" \/>\n<meta property=\"og:type\" content=\"article\" \/>\n<meta property=\"og:title\" content=\"Scena Plac Litewski | &quot;W krainie czar\u00f3w&quot; - pokaz rolkarstwa figurowego As Lublin\" \/>\n<meta property=\"og:description\" content=\"W pogoni za bia\u0142ym kr\u00f3likiem - spektakl w Krainie Czar\u00f3w\" \/>\n<meta property=\"og:url\" content=\"https:\/\/nockultury.pl\/pl\/events\/scena-plac-litewski-w-pogoni-za-bialym-krolikiem\/\" \/>\n<meta property=\"og:site_name\" content=\"Noc Kultury\" \/>\n<meta property=\"article:publisher\" content=\"https:\/\/www.facebook.com\/NocKultury\/\" \/>\n<meta property=\"article:modified_time\" content=\"2026-05-14T13:06:35+00:00\" \/>\n<meta property=\"og:image\" content=\"https:\/\/nockultury.pl\/wp-content\/uploads\/2026\/04\/666909448_952682540483720_5385792266393922546_n-1.jpg\" \/>\n\t<meta property=\"og:image:width\" content=\"2048\" \/>\n\t<meta property=\"og:image:height\" content=\"1072\" \/>\n\t<meta property=\"og:image:type\" content=\"image\/jpeg\" \/>\n<meta name=\"twitter:card\" content=\"summary_large_image\" \/>\n<meta name=\"twitter:label1\" content=\"Szacowany czas czytania\" \/>\n\t<meta name=\"twitter:data1\" content=\"1 minuta\" \/>\n<script type=\"application\/ld+json\" class=\"yoast-schema-graph\">{\"@context\":\"https:\/\/schema.org\",\"@graph\":[{\"@type\":\"WebPage\",\"@id\":\"https:\/\/nockultury.pl\/pl\/events\/scena-plac-litewski-w-pogoni-za-bialym-krolikiem\/\",\"url\":\"https:\/\/nockultury.pl\/pl\/events\/scena-plac-litewski-w-pogoni-za-bialym-krolikiem\/\",\"name\":\"Scena Plac Litewski | \\\"W krainie czar\u00f3w\\\" - pokaz rolkarstwa figurowego As Lublin\",\"isPartOf\":{\"@id\":\"https:\/\/nockultury.pl\/pl\/#website\"},\"datePublished\":\"2026-04-27T11:30:04+00:00\",\"dateModified\":\"2026-05-14T13:06:35+00:00\",\"description\":\"W pogoni za bia\u0142ym kr\u00f3likiem - spektakl w Krainie Czar\u00f3w\",\"breadcrumb\":{\"@id\":\"https:\/\/nockultury.pl\/pl\/events\/scena-plac-litewski-w-pogoni-za-bialym-krolikiem\/#breadcrumb\"},\"inLanguage\":\"pl-PL\",\"potentialAction\":[{\"@type\":\"ReadAction\",\"target\":[\"https:\/\/nockultury.pl\/pl\/events\/scena-plac-litewski-w-pogoni-za-bialym-krolikiem\/\"]}]},{\"@type\":\"BreadcrumbList\",\"@id\":\"https:\/\/nockultury.pl\/pl\/events\/scena-plac-litewski-w-pogoni-za-bialym-krolikiem\/#breadcrumb\",\"itemListElement\":[{\"@type\":\"ListItem\",\"position\":1,\"name\":\"Strona g\u0142\u00f3wna\",\"item\":\"https:\/\/nockultury.pl\/pl\/\"},{\"@type\":\"ListItem\",\"position\":2,\"name\":\"Wydarzenia\",\"item\":\"https:\/\/nockultury.pl\/pl\/events\/\"},{\"@type\":\"ListItem\",\"position\":3,\"name\":\"Scena Plac Litewski | &#8222;W pogoni za bia\u0142ym kr\u00f3likiem&#8221; &#8211; pokaz rolkarstwa figurowego As Lublin\"}]},{\"@type\":\"WebSite\",\"@id\":\"https:\/\/nockultury.pl\/pl\/#website\",\"url\":\"https:\/\/nockultury.pl\/pl\/\",\"name\":\"Noc Kultury\",\"description\":\"Lublin, Stare Miasto | wst\u0119p wolny\",\"publisher\":{\"@id\":\"https:\/\/nockultury.pl\/pl\/#organization\"},\"potentialAction\":[{\"@type\":\"SearchAction\",\"target\":{\"@type\":\"EntryPoint\",\"urlTemplate\":\"https:\/\/nockultury.pl\/pl\/?s={search_term_string}\"},\"query-input\":{\"@type\":\"PropertyValueSpecification\",\"valueRequired\":true,\"valueName\":\"search_term_string\"}}],\"inLanguage\":\"pl-PL\"},{\"@type\":\"Organization\",\"@id\":\"https:\/\/nockultury.pl\/pl\/#organization\",\"name\":\"Warsztaty Kultury w Lublinie\",\"url\":\"https:\/\/nockultury.pl\/pl\/\",\"logo\":{\"@type\":\"ImageObject\",\"inLanguage\":\"pl-PL\",\"@id\":\"https:\/\/nockultury.pl\/pl\/#\/schema\/logo\/image\/\",\"url\":\"https:\/\/nockultury.pl\/wp-content\/uploads\/2020\/03\/NOC-KULTURY-LOGO-170.jpg\",\"contentUrl\":\"https:\/\/nockultury.pl\/wp-content\/uploads\/2020\/03\/NOC-KULTURY-LOGO-170.jpg\",\"width\":170,\"height\":79,\"caption\":\"Warsztaty Kultury w Lublinie\"},\"image\":{\"@id\":\"https:\/\/nockultury.pl\/pl\/#\/schema\/logo\/image\/\"},\"sameAs\":[\"https:\/\/www.facebook.com\/NocKultury\/\",\"https:\/\/www.instagram.com\/nockultury\/\",\"https:\/\/www.youtube.com\/@videonockultury\"]}]}<\/script>\n<!-- \/ Yoast SEO plugin. -->","yoast_head_json":{"title":"Scena Plac Litewski | \"W krainie czar\u00f3w\" - pokaz rolkarstwa figurowego As Lublin","description":"W pogoni za bia\u0142ym kr\u00f3likiem - spektakl w Krainie Czar\u00f3w","robots":{"index":"index","follow":"follow","max-snippet":"max-snippet:-1","max-image-preview":"max-image-preview:large","max-video-preview":"max-video-preview:-1"},"canonical":"https:\/\/nockultury.pl\/pl\/events\/scena-plac-litewski-w-pogoni-za-bialym-krolikiem\/","og_locale":"pl_PL","og_type":"article","og_title":"Scena Plac Litewski | \"W krainie czar\u00f3w\" - pokaz rolkarstwa figurowego As Lublin","og_description":"W pogoni za bia\u0142ym kr\u00f3likiem - spektakl w Krainie Czar\u00f3w","og_url":"https:\/\/nockultury.pl\/pl\/events\/scena-plac-litewski-w-pogoni-za-bialym-krolikiem\/","og_site_name":"Noc Kultury","article_publisher":"https:\/\/www.facebook.com\/NocKultury\/","article_modified_time":"2026-05-14T13:06:35+00:00","og_image":[{"width":2048,"height":1072,"url":"https:\/\/nockultury.pl\/wp-content\/uploads\/2026\/04\/666909448_952682540483720_5385792266393922546_n-1.jpg","type":"image\/jpeg"}],"twitter_card":"summary_large_image","twitter_misc":{"Szacowany czas czytania":"1 minuta"},"schema":{"@context":"https:\/\/schema.org","@graph":[{"@type":"WebPage","@id":"https:\/\/nockultury.pl\/pl\/events\/scena-plac-litewski-w-pogoni-za-bialym-krolikiem\/","url":"https:\/\/nockultury.pl\/pl\/events\/scena-plac-litewski-w-pogoni-za-bialym-krolikiem\/","name":"Scena Plac Litewski | \"W krainie czar\u00f3w\" - pokaz rolkarstwa figurowego As Lublin","isPartOf":{"@id":"https:\/\/nockultury.pl\/pl\/#website"},"datePublished":"2026-04-27T11:30:04+00:00","dateModified":"2026-05-14T13:06:35+00:00","description":"W pogoni za bia\u0142ym kr\u00f3likiem - spektakl w Krainie Czar\u00f3w","breadcrumb":{"@id":"https:\/\/nockultury.pl\/pl\/events\/scena-plac-litewski-w-pogoni-za-bialym-krolikiem\/#breadcrumb"},"inLanguage":"pl-PL","potentialAction":[{"@type":"ReadAction","target":["https:\/\/nockultury.pl\/pl\/events\/scena-plac-litewski-w-pogoni-za-bialym-krolikiem\/"]}]},{"@type":"BreadcrumbList","@id":"https:\/\/nockultury.pl\/pl\/events\/scena-plac-litewski-w-pogoni-za-bialym-krolikiem\/#breadcrumb","itemListElement":[{"@type":"ListItem","position":1,"name":"Strona g\u0142\u00f3wna","item":"https:\/\/nockultury.pl\/pl\/"},{"@type":"ListItem","position":2,"name":"Wydarzenia","item":"https:\/\/nockultury.pl\/pl\/events\/"},{"@type":"ListItem","position":3,"name":"Scena Plac Litewski | &#8222;W pogoni za bia\u0142ym kr\u00f3likiem&#8221; &#8211; pokaz rolkarstwa figurowego As Lublin"}]},{"@type":"WebSite","@id":"https:\/\/nockultury.pl\/pl\/#website","url":"https:\/\/nockultury.pl\/pl\/","name":"Noc Kultury","description":"Lublin, Stare Miasto | wst\u0119p wolny","publisher":{"@id":"https:\/\/nockultury.pl\/pl\/#organization"},"potentialAction":[{"@type":"SearchAction","target":{"@type":"EntryPoint","urlTemplate":"https:\/\/nockultury.pl\/pl\/?s={search_term_string}"},"query-input":{"@type":"PropertyValueSpecification","valueRequired":true,"valueName":"search_term_string"}}],"inLanguage":"pl-PL"},{"@type":"Organization","@id":"https:\/\/nockultury.pl\/pl\/#organization","name":"Warsztaty Kultury w Lublinie","url":"https:\/\/nockultury.pl\/pl\/","logo":{"@type":"ImageObject","inLanguage":"pl-PL","@id":"https:\/\/nockultury.pl\/pl\/#\/schema\/logo\/image\/","url":"https:\/\/nockultury.pl\/wp-content\/uploads\/2020\/03\/NOC-KULTURY-LOGO-170.jpg","contentUrl":"https:\/\/nockultury.pl\/wp-content\/uploads\/2020\/03\/NOC-KULTURY-LOGO-170.jpg","width":170,"height":79,"caption":"Warsztaty Kultury w Lublinie"},"image":{"@id":"https:\/\/nockultury.pl\/pl\/#\/schema\/logo\/image\/"},"sameAs":["https:\/\/www.facebook.com\/NocKultury\/","https:\/\/www.instagram.com\/nockultury\/","https:\/\/www.youtube.com\/@videonockultury"]}]}},"_links":{"self":[{"href":"https:\/\/nockultury.pl\/pl\/wp-json\/wp\/v2\/mec-events\/50330","targetHints":{"allow":["GET"]}}],"collection":[{"href":"https:\/\/nockultury.pl\/pl\/wp-json\/wp\/v2\/mec-events"}],"about":[{"href":"https:\/\/nockultury.pl\/pl\/wp-json\/wp\/v2\/types\/mec-events"}],"author":[{"embeddable":true,"href":"https:\/\/nockultury.pl\/pl\/wp-json\/wp\/v2\/users\/1"}],"replies":[{"embeddable":true,"href":"https:\/\/nockultury.pl\/pl\/wp-json\/wp\/v2\/comments?post=50330"}],"wp:attachment":[{"href":"https:\/\/nockultury.pl\/pl\/wp-json\/wp\/v2\/media?parent=50330"}],"wp:term":[{"taxonomy":"post_tag","embeddable":true,"href":"https:\/\/nockultury.pl\/pl\/wp-json\/wp\/v2\/tags?post=50330"},{"taxonomy":"miejsce_nk","embeddable":true,"href":"https:\/\/nockultury.pl\/pl\/wp-json\/wp\/v2\/miejsce_nk?post=50330"},{"taxonomy":"godzina_startu_nk","embeddable":true,"href":"https:\/\/nockultury.pl\/pl\/wp-json\/wp\/v2\/godzina_startu_nk?post=50330"},{"taxonomy":"dostepnosc_nk","embeddable":true,"href":"https:\/\/nockultury.pl\/pl\/wp-json\/wp\/v2\/dostepnosc_nk?post=50330"},{"taxonomy":"kategoria_nk","embeddable":true,"href":"https:\/\/nockultury.pl\/pl\/wp-json\/wp\/v2\/kategoria_nk?post=50330"},{"taxonomy":"edycja_nk","embeddable":true,"href":"https:\/\/nockultury.pl\/pl\/wp-json\/wp\/v2\/edycja_nk?post=50330"},{"taxonomy":"mec_category","embeddable":true,"href":"https:\/\/nockultury.pl\/pl\/wp-json\/wp\/v2\/mec_category?post=50330"}],"curies":[{"name":"wp","href":"https:\/\/api.w.org\/{rel}","templated":true}]}}

Scena Plac Litewski | &#8222;W pogoni za białym królikiem&#8221; &#8211; pokaz rolkarstwa figurowego As Lublin

<h2 data-path-to-node="100">&nbsp;<b data-path-to-node="100" data-index-in-node="24">Opis</b></h2>
<p>&#8222;W pogoni za białym królikiem&#8221; &#8211; spektakl w Krainie Czarów.<br />
Gdy nadchodzi noc, granice snu i jawy zaczynają się rozmywać. Kraina Czarów ożywa na rolkach, które frajwędrując, suną i wirują. Wtedy właśnie szeptem życzymy: dobranoc. Dobranoc światu, który znamy i zapraszamy do tego, gdzie wszystko jest możliwe, jeśli tylko odważysz się biec za białym królikiem.</p>
<p>Artyści/artystki:&nbsp; As Lublin</p>
<h2 data-path-to-node="100">Informacje praktyczne</h2>
<p data-path-to-node="100">Kiedy: 6 czerwca 2026, 21.45-22.45<br />
Gdzie: Plac Litewski<br />
Wstęp wolny</p>
<h2 data-path-to-node="100">Dostępność</h2>
<p>brak barier architektonicznych<br />
możliwy odbiór bez słyszenia<br />
bez bariery językowej</p>

<p>&nbsp;Opis &#8222;W pogoni za białym królikiem&#8221; &#8211; spektakl w Krainie  [&#8230;]</p>

<!-- This site is optimized with the Yoast SEO plugin v26.1.1 - https://yoast.com/wordpress/plugins/seo/ -->
<title>Scena Plac Litewski | &quot;W krainie czarów&quot; - pokaz rolkarstwa figurowego As Lublin</title>
<meta name="description" content="W pogoni za białym królikiem - spektakl w Krainie Czarów" />
<meta name="robots" content="index, follow, max-snippet:-1, max-image-preview:large, max-video-preview:-1" />
<link rel="canonical" href="https://nockultury.pl/pl/events/scena-plac-litewski-w-pogoni-za-bialym-krolikiem/" />
<meta property="og:locale" content="pl_PL" />
<meta property="og:type" content="article" />
<meta property="og:title" content="Scena Plac Litewski | &quot;W krainie czarów&quot; - pokaz rolkarstwa figurowego As Lublin" />
<meta property="og:description" content="W pogoni za białym królikiem - spektakl w Krainie Czarów" />
<meta property="og:url" content="https://nockultury.pl/pl/events/scena-plac-litewski-w-pogoni-za-bialym-krolikiem/" />
<meta property="og:site_name" content="Noc Kultury" />
<meta property="article:publisher" content="https://www.facebook.com/NocKultury/" />
<meta property="article:modified_time" content="2026-05-14T13:06:35+00:00" />
<meta property="og:image" content="https://nockultury.pl/wp-content/uploads/2026/04/666909448_952682540483720_5385792266393922546_n-1.jpg" />
	<meta property="og:image:width" content="2048" />
	<meta property="og:image:height" content="1072" />
	<meta property="og:image:type" content="image/jpeg" />
<meta name="twitter:card" content="summary_large_image" />
<meta name="twitter:label1" content="Szacowany czas czytania" />
	<meta name="twitter:data1" content="1 minuta" />
<script type="application/ld+json" class="yoast-schema-graph">{"@context":"https://schema.org","@graph":[{"@type":"WebPage","@id":"https://nockultury.pl/pl/events/scena-plac-litewski-w-pogoni-za-bialym-krolikiem/","url":"https://nockultury.pl/pl/events/scena-plac-litewski-w-pogoni-za-bialym-krolikiem/","name":"Scena Plac Litewski | \"W krainie czarów\" - pokaz rolkarstwa figurowego As Lublin","isPartOf":{"@id":"https://nockultury.pl/pl/#website"},"datePublished":"2026-04-27T11:30:04+00:00","dateModified":"2026-05-14T13:06:35+00:00","description":"W pogoni za białym królikiem - spektakl w Krainie Czarów","breadcrumb":{"@id":"https://nockultury.pl/pl/events/scena-plac-litewski-w-pogoni-za-bialym-krolikiem/#breadcrumb"},"inLanguage":"pl-PL","potentialAction":[{"@type":"ReadAction","target":["https://nockultury.pl/pl/events/scena-plac-litewski-w-pogoni-za-bialym-krolikiem/"]}]},{"@type":"BreadcrumbList","@id":"https://nockultury.pl/pl/events/scena-plac-litewski-w-pogoni-za-bialym-krolikiem/#breadcrumb","itemListElement":[{"@type":"ListItem","position":1,"name":"Strona główna","item":"https://nockultury.pl/pl/"},{"@type":"ListItem","position":2,"name":"Wydarzenia","item":"https://nockultury.pl/pl/events/"},{"@type":"ListItem","position":3,"name":"Scena Plac Litewski | &#8222;W pogoni za białym królikiem&#8221; &#8211; pokaz rolkarstwa figurowego As Lublin"}]},{"@type":"WebSite","@id":"https://nockultury.pl/pl/#website","url":"https://nockultury.pl/pl/","name":"Noc Kultury","description":"Lublin, Stare Miasto | wstęp wolny","publisher":{"@id":"https://nockultury.pl/pl/#organization"},"potentialAction":[{"@type":"SearchAction","target":{"@type":"EntryPoint","urlTemplate":"https://nockultury.pl/pl/?s={search_term_string}"},"query-input":{"@type":"PropertyValueSpecification","valueRequired":true,"valueName":"search_term_string"}}],"inLanguage":"pl-PL"},{"@type":"Organization","@id":"https://nockultury.pl/pl/#organization","name":"Warsztaty Kultury w Lublinie","url":"https://nockultury.pl/pl/","logo":{"@type":"ImageObject","inLanguage":"pl-PL","@id":"https://nockultury.pl/pl/#/schema/logo/image/","url":"https://nockultury.pl/wp-content/uploads/2020/03/NOC-KULTURY-LOGO-170.jpg","contentUrl":"https://nockultury.pl/wp-content/uploads/2020/03/NOC-KULTURY-LOGO-170.jpg","width":170,"height":79,"caption":"Warsztaty Kultury w Lublinie"},"image":{"@id":"https://nockultury.pl/pl/#/schema/logo/image/"},"sameAs":["https://www.facebook.com/NocKultury/","https://www.instagram.com/nockultury/","https://www.youtube.com/@videonockultury"]}]}</script>
<!-- / Yoast SEO plugin. -->

Scena Plac Litewski | "W krainie czarów" - pokaz rolkarstwa figurowego As Lublin

W pogoni za białym królikiem - spektakl w Krainie Czarów

Strona główna

Lublin, Stare Miasto | wstęp wolny
